t is the remainder when 329 is divided by x?
32
Let y(x) = x**3 + 7*x**2 - 6*x + 4. Suppose 3*a - 7 = 4*a. What is the remainder when y(a) is divided by 16?
14
Let w = 193 + -173. What is the remainder when w is divided by 4/(8/22) - 4?
6
Let y = 371 + -173. Suppose 0 = -2*b + y - 10. What is the remainder when b is divided by -4*-2*(9 - 7)?
14
Suppose 2*h - 5*h + 240 = 0. Suppose 0 = 5*z - 5*r - 110, z + 2*r - r - 32 = 0. Calculate the remainder when h is divided by z.
26
Suppose -3*l + 4 = -2. Suppose 0 = 4*t - 14 + l. Suppose -456 = -7*o + t*o. Calculate the remainder when o is divided by 29.
27
Suppose -6 = -3*r + 177. Let g = -148 + 94. What is the remainder when r is divided by 411/27 + 1 - (-12)/g?
13
Let v = 5 - -52. Let w be 1 - (6 + -2)/4. Calculate the remainder when v is divided by 24 + (-4 - (w + 0)).
17
What is the remainder when (6 - 13)/(9/(-864)*3) is divided by 46?
40
Let q = -12 + 13. Let x(t) = -2*t**3 + 2*t**2 - 2*t + 1. Let g be x(q). Calculate the remainder when 82 is divided by (7/(-3))/(g/9).
19
Let g = 40 - -27. Let m = -50 + g. What is the remainder when 82 is divided by m?
14
Suppose a = 4*t + 31, 2*t - 5 = -1. Calculate the remainder when 505 is divided by a.
37
Let y(q) = q**2 - 2*q. Suppose 6*d - 2*d + 2*m - 6 = 0, -3*d + 7 = m. Calculate the remainder when y(d) is divided by 3.
2
Suppose 4*q = -2*x + 54, -67*x - q = -62*x - 117. Let i = 14 + 0. What is the remainder when x is divided by i?
9
Suppose -78*t + 83 = -1321. Calculate the remainder when t is divided by 9/(-6)*(-20)/6.
3
What is the remainder when 46 + 0/(-7) + -2 is divided by 5?
4
Suppose 0 = 5*w + 3*f - 8, 2*w + 8 = 3*w - f. Suppose -4*t - w*s = -92, 3*t + 4*s - 69 = 5. Calculate the remainder when 71 is divided by t.
17
Let z = -70 - -109. Let k = -100 + 55. Let u = k - -53. What is the remainder when z is divided by u?
7
Let q = -440 - -623. Let h = q - 114. Calculate the remainder when h is divided by 12.
9
Let v(p) = p + 5. Let s be v(4). Let m be 276/(-27) + 2/s. Calculate the remainder when 21 is divided by 32/m*(-5)/2.
5
Suppose 5*j - 26 = -d, -3*d + 2*j = -50 + 6. Suppose 86 = 5*c + d. Calculate the remainder when 41 is divided by c.
13
Let p = 2236 - 1897. Calculate the remainder when p is divided by 20.
19
Let z be 9 - (-6)/(-2) - -3 - -3. Suppose -3*g + 132 = z. Calculate the remainder when 74 is divided by g.
34
Let j = -6 + 13. What is the remainder when 20 is divided by j?
6
Let t(g) = g**3 - 10*g**2 + 9*g - 18. Let q be t(9). Calculate the remainder when 55 is divided by 29 + (q + 3)/(-5).
23
Suppose -83 + 271 = 4*b - 4*t, -t + 205 = 5*b. What is the remainder when 65 is divided by b?
23
Suppose 0 = 5*u + 6*o + 200 - 484, 5*u - 244 = 4*o. Calculate the remainder when u is divided by 5.
2
Let v(j) = 3*j + 3. Suppose -3*y + 579 = -4*o, -2*o - 5*y - 32 = 225. Let i = -94 - o. What is the remainder when i is divided by v(3)?
11
Let j(f) = -f**3 - 4*f**2 + 8*f. What is the remainder when 654/15 + ((-32)/40)/(-2) is divided by j(-6)?
20
What is the remainder when (-321)/(-24) + 30/(-80) is divided by 10?
3
Suppose o - 3*l = -11 + 3, 2*o - 12 = -l. Suppose -d = o*k - 60, -7*d = 5*k - 2*d - 75. Let b = 61 + -19. Calculate the remainder when b is divided by k.
12
Suppose 0 = 3*j + l - 12 - 2, 0 = 2*j - l - 1. Calculate the remainder when 18 is divided by j.
0
Let f(b) = 6*b + 27. Suppose -4*n + 10*n = 12. What is the remainder when 193 is divided by f(n)?
37
Suppose u + 625 = 5*a, -a - u = 3*a - 500. What is the remainder when a is divided by 21?
20
Suppose i - 60 = -2*j - 17, -2*j + 4 = 0. Let c(k) = -k**2 - 8*k. Let z be c(-8). Suppose n + 0*n - 14 = z. Calculate the remainder when i is divided by n.
11
Suppose -55 = 14*y - 713. Suppose 5*t = 3*t - w + y, 0 = -3*t + 4*w + 98. What is the remainder when t is divided by 7?
5
Let f be (-1 - -96) + (-1)/(5 - 4). Suppose 119 = 3*k - 4*i + 37, f = 5*k + 4*i. Calculate the remainder when 40 is divided by k.
18
Let a(i) be the first derivative of -i**4/4 + 7*i**3/3 + i**2 - 9*i + 18. What is the remainder when a(6) is divided by 23?
16
Suppose 234*z + 224 = 242*z. Calculate the remainder when (-1)/(-5) + (-1088)/(-10) is divided by z.
25
What is the remainder when 2 + (59 - 1) + (-2 - -9) is divided by 22?
1
Suppose 0 = -6*i + 10 + 20. Suppose -i*r - 3*w - 13 = 2, -25 = 5*w. Suppose -h - 2 + 0 = 0, 4*f - 3*h - 46 = r. What is the remainder when 17 is divided by f?
7
Suppose y = -n + 24, 0*y + 5*n - 78 = -3*y. Calculate the remainder when 32 is divided by y.
11
Let j be 6 + ((-2)/6)/(1/(-9)). Suppose 33*n - 32*n = j. Suppose 3*w - 4*o - 28 = 0, -w + 4*o = 4*w - 60. Calculate the remainder when w is divided by n.
7
Let v(h) = -h**3 - 5*h**2 - 8*h - 12. Let m = -186 - -467. Suppose -61 = 2*k - m. Calculate the remainder when k is divided by v(-5).
26
Let z(y) = -y**2 - 22*y - 43. Let r(x) = -x**2 - 7*x + 39. What is the remainder when z(-15) is divided by r(-9)?
20
Let n be 2 + 20/(-4) - -9. Let u be (19/(-2))/((-3)/n). Suppose -4*l - p + u = 0, 2*p + 14 = 5*l - 0*p. What is the remainder when 15 is divided by l?
3
Suppose 0 = 23*a - 27*a - 8. What is the remainder when 11 is divided by 6/3*(a - (-14)/4)?
2
Let m = 49 - 4. Suppose -6 = -2*h + 5*h. Let y = m - h. What is the remainder when y is divided by 12?
11
Suppose -3*r + 155 = g, -r + 2*g + 15 = -39. What is the remainder when r/(0 - -1) - -4 is divided by 12?
8
Suppose 10*k = -17*k + 945. Calculate the remainder when k is divided by 10.
5
Suppose 440 = -33*s + 53*s. Let q(j) = 2*j**3 - 5*j**2 + 5*j - 4. Let o = -10 + 14. What is the remainder when q(o) is divided by s?
20
Let z(h) = -4*h + 2. Let i be z(-1). Let d = 1 + 6. What is the remainder when (104/i)/(-2)*-3 is divided by d?
5
Suppose 4*k + 428 = w, 5*w - 2*k = 41 + 2081. What is the remainder when w is divided by 5?
4
What is the remainder when 98 is divided by (-5 - -9 - -23) + (1 - 6)?
10
Suppose -5*h - 5*z = -35, 5*h = -5*z + 3*z + 26. Suppose -5 = 3*l - 2*y - 48, -3*y + 46 = h*l. What is the remainder when l is divided by 5?
3
Let y = 389 - 268. Let w = 202 - y. Calculate the remainder when w is divided by 38*2/4 - -2.
18
Let x = 767 + -521. What is the remainder when 20 - (-2 - (1 + -2)) is divided by x/22 + (-2)/11?
10
Let p(y) = y**3 - 4*y**2 - 4*y + 5. Let a be p(5). Let l(w) = -51*w + 978. Calculate the remainder when (-326)/(-10) - (-4)/a is divided by l(19).
6
Suppose 8*r = -19*r + 324. Calculate the remainder when 2651 is divided by r.
11
Suppose 3*t = -n + 24 - 4, -t = -2*n + 68. Calculate the remainder when n is divided by 8.
0
Let d(f) = f**3 - 6*f**2 + 3*f - 8. Let h(k) = k**3 - 6*k**2 + 3*k - 7. Let t(s) = -4*d(s) + 5*h(s). What is the remainder when t(7) is divided by 17?
16
Let c(l) = 14*l - 38. Calculate the remainder when 295 is divided by c(7).
55
Suppose -93*s + 152*s - 1770 = 0. What is the remainder when 628 is divided by s?
28
Let g(w) be the first derivative of w**4/4 + w**2 + w + 1. What is the remainder when ((-9)/(-4))/(-1 + (-140)/(-128)) is divided by g(2)?
11
Let l be 8*((-2)/6)/(1/(-3)). Suppose -13*j + 50 = -l*j. What is the remainder when 77 is divided by j?
7
Suppose 2 = -q - 95. Let d = q + 132. What is the remainder when d is divided by 9?
8
Suppose 2*u + 227 = 7*u + 3*o, -o = -u + 39. What is the remainder when u is divided by (-1*15)/5 - -18?
13
Let t(o) = 110*o - 94. Let s be (-2)/(-2) - 3 - -95. Suppose -2*c - 31 = -s. Calculate the remainder when c is divided by t(1).
15
Suppose 2*b - 8 = 82. Suppose -3*i = -6 - b. What is the remainder when (-131 - -1)*(-4)/8 is divided by i?
14
Suppose 5*t = 2*j - 7*j + 15, 0 = -3*j - 2*t + 10. Let v(h) = -h**2 + 3*h - 2. Let z be v(j). Let b = z - -12. What is the remainder when 10 is divided by b?
4
Suppose 11 = 3*h - 4. Suppose -4*f + 6 = 5*z, f - 6*f = h. Let a = 6 - z. What is the remainder when 11 is divided by a?
3
Let q = 67 + -2. Suppose -p - 50 = -2*h, -p - q = -3*h + 3*p. Let r(j) = j**3 - 4*j. Calculate the remainder when h is divided by r(3).
12
Let b be 5/(-25) - ((-21)/5)/1. Suppose -40 - 60 = -b*f. Calculate the remainder when 122 is divided by f.
22
Let v = -1 + 0. Let w(o) = -3*o + 9. What is the remainder when (-12)/(-8)*(v + 7) is divided by w(1)?
3
Let d(q) = -50*q**3. Let l be d(-1).